. Let a be u(8). Calculate the remainder when 59 is divided by 8 + (3 - a - -1).
9
Let l be ((-8)/(-3))/(-1*6/(-9)). Suppose -32 = -l*c - 0. Suppose 5*d - 157 = 38. What is the remainder when d is divided by c?
7
Let f = -4659 - -4698. Let m = 68 - 44. What is the remainder when f is divided by m?
15
Suppose 13*n = 12*n + 34. Suppose -3*f = -c + 2, 2*c - 4 = f - 0. What is the remainder when n is divided by (4 + f - 1) + 15?
16
Let q(r) = r**2 - 44*r + 591. Suppose -74 = -3*l - 2*h, l + 2*l - 2*h = 82. Calculate the remainder when q(20) is divided by l.
7
Suppose 0 = 3*i - 2*r - 3001, -5*i - 6*r + 3051 = -1932. Calculate the remainder when i is divided by 25.
24
Suppose -16 = -2*z, -2*w = -57*z + 61*z - 90. Calculate the remainder when 3909 is divided by w.
23
Suppose 2*t = 5*v + 174, 61*t - 5*v = 57*t + 328. What is the remainder when 369 is divided by t?
61
Let u = -7775 - -7789. What is the remainder when 10273 is divided by u?
11
Let l(g) = g**3 + 9*g**2 - 2*g - 67. Calculate the remainder when 119 is divided by l(-7).
29
Let v = 25 - -42. What is the remainder when (-48 - 20853/(-189))/(1/15) is divided by v?
64
Let q(c) = -c**3 + 2*c - 47. Calculate the remainder when q(-7) is divided by 77.
51
Let i = 714 - 409. What is the remainder when i is divided by 1 - (1310/(-40) - (-2)/(-8))?
33
Calculate the remainder when 721 is divided by (-4)/(-6) + (-1492)/(-84) - (-4)/7.
18
Suppose 53 = -5*i + 83. Calculate the remainder when (-3 + 2)/(-3*i/1332) is divided by 21.
11
Let s = 23 - 6. Suppose -168 + 12 = -x. Let u = -107 + x. What is the remainder when u is divided by s?
15
Suppose -724*u + 726*u + 7*h - 5369 = 0, 4*u - h - 10693 = 0. Calculate the remainder when u is divided by 19.
14
Let w(z) = 3*z**2 - 2*z - 2. Suppose 0 = -t - 19 + 21. Suppose t*g = -0*g + 42. Calculate the remainder when g is divided by w(2).
3
What is the remainder when 14973/(-39928) + ((-18086)/(-16) - 1) is divided by 54?
49
Let o = 4935 - 4888. What is the remainder when 131 is divided by o?
37
Suppose 0 = -5*c + 5*l - 2*l + 257, 2*c + 5*l = 109. Suppose -4*g - r = c, -2*r + 6 - 32 = 2*g. Let p = g + 15. What is the remainder when 2 is divided by p?
0
Let q be (-2)/(-12)*2 + (-26)/6. Let w = -18 + 64. What is the remainder when w is divided by q/6 + 26/3?
6
Suppose -1145 = -21*z - 14 + 444. What is the remainder when 459 is divided by z?
9
Let b = 97 + -95. Suppose b*s = 5*j + 104, 0 = -4*j + j - 6. Calculate the remainder when s is divided by 13.
8
Suppose 4*y = k + 12, 0*y + 33 = k + 5*y. Suppose -k*r = -2*r - 180. Let h = 52 - r. What is the remainder when h is divided by 13?
9
Let d(m) = -5*m + 43. Let n be d(8). Suppose 181 = 4*g - 3*o, -n*g - 6*o + 167 = -2*o. What is the remainder when 146 is divided by g?
48
Let h(o) = -351*o**3 - 14*o**2 - 15*o - 2. Calculate the remainder when h(-1) is divided by 27.
26
Suppose 4*k + 2*b + 1611 - 4757 = 0, -2*k + 1564 = 4*b. What is the remainder when k is divided by 52?
8
Suppose 0 = -4*u - 4*l + l + 175, 0 = 2*u + l - 85. Calculate the remainder when 1125 is divided by u.
5
Let h(u) be the second derivative of 3*u**3/2 - 26*u**2 + 46*u + 1. What is the remainder when 169 is divided by h(7)?
4
Let s(p) = 25*p**2 + 68*p - 26. Calculate the remainder when s(-5) is divided by 120.
19
Suppose 2*l + 54 = 4*l. Suppose -v = 4*v + 5*y - 155, 3*y = -15. Suppose 148 = 8*d + v. What is the remainder when l is divided by d?
13
Let b be 195 - (15/(-10) + 1/2). Suppose 3*d - 2*d = 5*a - 88, 5 = a + 4*d. What is the remainder when (-9)/(-6)*b/6 is divided by a?
15
Suppose 48 = 4*b + 2*f, 5*b + f - 47 - 16 = 0. Suppose -4*g + 2*i + 1248 = 0, -3*g + b*i + 950 = 15*i. Calculate the remainder when g is divided by 35.
34
Calculate the remainder when 213 is divided by (-26)/(-117) + 1166/18.
18
Suppose -145*q + 988542 + 114149 = -519279. Calculate the remainder when q is divided by 11.
10
Suppose 10*d - 6*d - 560 = 0. Let x = d + -96. What is the remainder when x is divided by 87/5 + (9 - 329/35)?
10
Let b be 3 + 0 - ((-5 - -1) + -80). Suppose g = -3*g - f - 109, 0 = -3*g + f - b. Let p = g - -42. Calculate the remainder when 54 is divided by p.
12
Suppose -3458 + 3435 = -v. What is the remainder when 119 is divided by v?
4
Let u(z) = 7*z**2 - 3*z + 2. Let x be u(2). Let y be (-1 - -41)*(34/(-10) - -3). What is the remainder when 114 is divided by (y/x)/((-2)/87)?
27
Let o be (-4)/18 - 6/(-27). Let j be 3 + (o/(-4))/(1*-1). Suppose d = -2*b + 53, 2*b - 47 = -0*b - j*d. What is the remainder when 108 is divided by b?
24
Suppose 1314*a - 1319*a = -3*x + 427, -4*a - 437 = -3*x. What is the remainder when x is divided by (33/(-2))/((-1)/2)?
27
Suppose -3*y + 80 = -4*w, 5*y + 0*y - 3*w - 126 = 0. Calculate the remainder when -1 - -39 - (25 + -30) is divided by y.
19
Suppose -29*t = -25*t - 88. Let y(r) = -r**2 - 9*r + 9. Let q be y(-10). What is the remainder when -3 - (-34 + q) - 1 is divided by t?
9
Let h = -1075 + 1391. What is the remainder when h is divided by 178?
138
Let a(d) = d - 1. Let h be a(1). Suppose -5*p - 7 + 27 = h. Suppose -p*t + 0*i - i = -51, 0 = -5*t - 4*i + 61. What is the remainder when 37 is divided by t?
11
Let x(h) = -h**2 - 8*h. Let j = -125 + 127. Suppose 3*k + j*s - s - 126 = 0, k - 38 = s. Calculate the remainder when k is divided by x(-5).
11
Let q = -53 - 15. Let o be ((-25)/3)/((-183)/45 - -4). Let i = q + o. Calculate the remainder when i is divided by 20.
17
What is the remainder when 1014 is divided by ((-226)/(-14))/(32/224)?
110
Suppose 2*d + 2*d + i - 297 = 0, 53 = d - 4*i. Suppose 5*j - 191 = 3*k, -5*j + d = -5*k - 112. What is the remainder when j is divided by 19?
2
Let r be 104/54 + 100/1350. Suppose 160 = r*p + 2*l, 5*p + 3*l = p + 325. Calculate the remainder when p is divided by 28.
1
Suppose -2*a - 8 - 2 = -5*g, 0 = -3*g - 3*a + 27. Let m(l) = -l**3 + 4*l**2 + 6*l + 4. What is the remainder when ((-4)/(-8))/(2/216) is divided by m(g)?
26
Let k(t) be the first derivative of -36*t + 15 - 7/2*t**2. What is the remainder when k(-7) is divided by 4?
1
Let b = -13 - -23. Let a(m) = m**3 + 3*m**2 - 5*m. Let o be a(-4). What is the remainder when 2 + -65*o*(-3)/30 is divided by b?
8
Suppose -3*s = -7*s + 48. Calculate the remainder when 0/14 - (-124 + 1) is divided by (7/(-2))/((1/(-1))/s).
39
Suppose 10*n - 9*n = 3*j - 129, 0 = j - 3*n - 35. Calculate the remainder when 152 is divided by j.
20
Calculate the remainder when 1583 - (20 - (-576)/(-18)) is divided by 395.
15
What is the remainder when (145/3 - -4) + (-4)/(-6) is divided by 17?
2
Let l = 11 - -10. Let x = l - 15. Suppose -32 = -x*g + 52. Calculate the remainder when 52 is divided by g.
10
Let g be (-5)/(-5)*34*-1. Let f = -218 - -166. Let z = g - f. Calculate the remainder when z is divided by 10.
8
Let x(t) = 4*t + 4 + 18*t - 17*t. Calculate the remainder when 44 is divided by x(1).
8
Let g = -22756 - -22824. Calculate the remainder when 115 is divided by g.
47
Let u(a) = a**2 - 15*a - 44. Let q be u(12). What is the remainder when 215 is divided by (-1446)/(-27) + q/(-180)?
53
Let f(t) = -2*t**3 - 2*t**2 - 5*t - 5. Suppose 3*i - 2*v + 16 = 0, 0 = i + 3*i - 3*v + 23. Calculate the remainder when f(i) is divided by 2.
1
Let t(k) = k**3 - k**2 - 11*k - 4. Let j be t(6). Let r = j - 91. Calculate the remainder when 64 is divided by r + ((-8)/(-20))/(4/(-20)).
13
Let z(x) = 65*x**2 - 24*x - 172 - 120*x**2 + 57*x**2. What is the remainder when 375 is divided by z(-7)?
93
Suppose -3*o - 370 = 209. Let h = 276 + o. Calculate the remainder when h is divided by 22.
17
Let s(p) = p**2 - 36*p - 224. Suppose 5*w = -2*c + 4*c + 99, 5*w + 4*c - 117 = 0. Let m = w + -14. Calculate the remainder when s(42) is divided by m.
0
Let j(b) = -15*b + 149. Suppose 38*m - 41*m = -24. Suppose 3*h + 3 = 27. Calculate the remainder when j(m) is divided by h.
5
Suppose -3*u + 0*u = -3, 0 = 2*s + 2*u - 666. Suppose -3559 = -158*p + 2287. Calculate the remainder when s is divided by p.
36
Let y(s) = 98*s + 654. Calculate the remainder when 329 is divided by y(-6).
65
Suppose 5*p + g - 3155 = 0, -4*g + 112 = -2*p + 1396. What is the remainder when p is divided by 106?
102
Let q(l) = -l + 16. Let j be q(17). Let y(b) = b**3 + 7*b**2 + 2*b + 11. Calculate the remainder when